{"id":1294,"date":"2025-05-22T21:58:03","date_gmt":"2025-05-22T19:58:03","guid":{"rendered":"http:\/\/www.archers91.fr\/wordpress\/archers\/?page_id=1294"},"modified":"2026-02-19T14:02:49","modified_gmt":"2026-02-19T13:02:49","slug":"sejour-jeune","status":"publish","type":"page","link":"https:\/\/archers91.fr\/?page_id=1294","title":{"rendered":"S\u00e9jour jeunes"},"content":{"rendered":"\n<p class=\"has-text-color has-link-color has-medium-font-size wp-elements-f343429b445e77842500ad9e45b1bc45\" style=\"color:#cb464b\"><strong>Le prochain s\u00e9jour Jeunes aura lieu du 20 au 24 avril 2026 \u00e0 Chamarande (91).<\/strong><\/p>\n\n\n\n<div class=\"wp-block-media-text is-stacked-on-mobile\" style=\"grid-template-columns:31% auto\"><figure class=\"wp-block-media-text__media\"><img loading=\"lazy\" decoding=\"async\" width=\"709\" height=\"1024\" src=\"https:\/\/archers91.fr\/wp-content\/uploads\/2025\/11\/Chamarandes_avril26-709x1024.png\" alt=\"\" class=\"wp-image-24150 size-full\" srcset=\"https:\/\/archers91.fr\/wp-content\/uploads\/2025\/11\/Chamarandes_avril26-709x1024.png 709w, https:\/\/archers91.fr\/wp-content\/uploads\/2025\/11\/Chamarandes_avril26-208x300.png 208w, https:\/\/archers91.fr\/wp-content\/uploads\/2025\/11\/Chamarandes_avril26.png 720w\" sizes=\"auto, (max-width: 709px) 100vw, 709px\" \/><\/figure><div class=\"wp-block-media-text__content\">\n<div class=\"wp-block-group is-vertical is-layout-flex wp-container-core-group-is-layout-8cf370e7 wp-block-group-is-layout-flex\">\n<p style=\"font-size:15px\">Ce s\u00e9jour sportif a pour objectif de perfectionner le niveau technique de tir \u00e0 l\u2019arc (minimum 4 heures de pratique par jour) dans un cadre et un environnement calme permettant l\u2019\u00e9panouissement de la personne.<br>Le perfectionnement sera surtout centr\u00e9 sur la technique en fonction de l\u2019\u00e9volution de l\u2019enfant et sera adapt\u00e9 au niveau et \u00e0 la motivation de l\u2019archer.<\/p>\n\n\n\n<p style=\"font-size:15px\">Le s\u00e9jour est encadr\u00e9 par un dipl\u00f4m\u00e9 d\u2019\u00c9tat (partie tir \u00e0 l\u2019arc) et un animateur BAFA (soir\u00e9es et nuits).<\/p>\n\n\n\n<p style=\"font-size:15px\"><strong>S\u00e9jour r\u00e9serv\u00e9 aux licenci\u00e9s FFTA (\u00e0 partir de la 2\u00e8me ann\u00e9e de licence) entre 10 et 17 ans<\/strong><\/p>\n\n\n\n<p style=\"font-size:15px\"><strong>Lieu<\/strong> : Centre Mione au ch\u00e2teau de Chamarande<br>Les jeunes sont en chambre de 2 ou 3 personnes avec lavabo. Les repas sont pris tous ensemble dans le self de l\u2019\u00e9tablissement.<\/p>\n\n\n\n<p style=\"font-size:15px\"><strong>Tarif<\/strong> : Licenci\u00e9 de l&rsquo;Essonne : 450 \u20ac ; Licenci\u00e9 hors Essonne : 480\u20ac<br>Possibilit\u00e9 de payer en ligne (CB via HelloAsso), ch\u00e8que, ch\u00e8ques vacances ANCV, virement<\/p>\n\n\n\n<p style=\"font-size:15px\"><strong>Nb de places <\/strong>: 24 (si moins de 9 inscrits, s\u00e9jour annul\u00e9 et remplac\u00e9 par des journ\u00e9es de perfectionnement au local \u00e0 Corbeil (\u00e0 la journ\u00e9e de 9h \u00e0 16h30)<\/p>\n\n\n\n<p style=\"font-size:15px\"><strong>Mat\u00e9riel de tir<\/strong> : Minimum 8 fl\u00e8ches en bon \u00e9tat, ainsi que le petit mat\u00e9riel de rechange (plumes, encoches\u2026). Arc Essonne ne saurait \u00eatre responsable des vols et d\u00e9gradations commis.<\/p>\n<\/div>\n<\/div><\/div>\n\n\n\n<div class=\"wp-block-columns is-layout-flex wp-container-core-columns-is-layout-9d6595d7 wp-block-columns-is-layout-flex\">\n<div class=\"wp-block-column is-layout-flow wp-block-column-is-layout-flow\" style=\"flex-basis:33.33%\">\n<p class=\"has-text-color has-link-color has-medium-font-size wp-elements-e0664d84e99fab4affbe59c652ea3d6d\" style=\"color:#cb464b\"><strong>Documents \u00e0 fournir<\/strong><\/p>\n\n\n\n<ul class=\"wp-block-list\">\n<li style=\"font-size:15px\">Photo d\u2019identit\u00e9<\/li>\n\n\n\n<li style=\"font-size:15px\">Attestation de responsabilit\u00e9 civile<\/li>\n\n\n\n<li style=\"font-size:15px\">Attestation de s\u00e9curit\u00e9 sociale<\/li>\n\n\n\n<li style=\"font-size:15px\">Attestation de mutuelle<\/li>\n\n\n\n<li style=\"font-size:15px\">Copie des vaccins<\/li>\n<\/ul>\n<\/div>\n\n\n\n<div class=\"wp-block-column is-layout-flow wp-block-column-is-layout-flow\" style=\"flex-basis:66.66%\">\n<p class=\"has-text-color has-link-color has-medium-font-size wp-elements-fe4a0bf4009c0ca1debbd81bc505ed96\" style=\"color:#cb464b\"><strong>Proc\u00e9dure d\u2019inscription<\/strong><\/p>\n\n\n\n<ol class=\"wp-block-list\">\n<li style=\"font-size:15px\">Vous devez remplir le formulaire de pr\u00e9-inscription en ligne.<\/li>\n\n\n\n<li style=\"font-size:15px\">Vous recevrez (dans les jours qui suivent) une fiche d\u2019inscription remplie que vous devrez v\u00e9rifier, signer et renvoyer accompagn\u00e9e du r\u00e8glement et des documents \u00e0 fournir.<\/li>\n\n\n\n<li style=\"font-size:15px\">A r\u00e9ception, si le dossier est complet, vous recevrez un confirmation par mail.<\/li>\n<\/ol>\n<\/div>\n<\/div>\n\n\n\n<p style=\"font-size:15px\">Les r\u00e9servations sont assur\u00e9es par ordre d\u2019arriv\u00e9e des dossiers.<br>Les dossiers complets doivent parvenir au secr\u00e9tariat afin de valider votre inscription d\u00e9finitive&nbsp;<strong>avant le 9 avril 2026<\/strong>.<br>R\u00e8glement int\u00e9rieur :&nbsp;<a href=\"https:\/\/archers91.fr\/wp-content\/uploads\/2024\/04\/Reglement-Interieur-Sejour-Jeunes.pdf\" target=\"_blank\" rel=\"noreferrer noopener\">pdf<\/a><\/p>\n\n\n\n<div class=\"wp-block-buttons has-white-background-color has-background is-content-justification-center is-layout-flex wp-container-core-buttons-is-layout-16018d1d wp-block-buttons-is-layout-flex\">\n<div class=\"wp-block-button has-custom-width wp-block-button__width-50\"><a class=\"wp-block-button__link has-background has-medium-font-size has-custom-font-size wp-element-button\" href=\"https:\/\/docs.google.com\/forms\/d\/e\/1FAIpQLSfVdA0Art5sTZChLoEYMVUBoQHpWKROlgpV2ODlIw9XeEQMkw\/viewform?usp=sharing&amp;ouid=103564378895249105172\" style=\"border-radius:15px;background-color:#cb464b\">Je m&rsquo;inscris !<\/a><\/div>\n<\/div>\n\n\n\n<p style=\"font-size:13px\"><strong>Exemple d&rsquo;une journ\u00e9e<\/strong> <span style=\"font-size: medium;\">:<br><\/span><span style=\"text-decoration: underline;\">9h-12h<\/span> : r\u00e9veil, r\u00e9veil musculaire, petit d\u00e9jeuner et pratique du tir \u00e0 l&rsquo;arc, encadr\u00e9e par nos professionnels dipl\u00f4m\u00e9 d&rsquo;\u00c9tat<br><span style=\"text-decoration: underline;\">12h-14h<\/span> : d\u00e9jeuner suivi d&rsquo;un temps calme (jeux de cartes, jeux de soci\u00e9t\u00e9, courrier \u2026)<br><span style=\"text-decoration: underline;\">14h-18h<\/span> : th\u00e9orie et\/ou pratique du tir \u00e0 l\u2019arc&nbsp; &#8211; activit\u00e9s annexes, chaque apr\u00e8s-midi est coup\u00e9e par un go\u00fbter vers 16h30<br><span style=\"text-decoration: underline;\">18h-20h<\/span> : douche, temps calme et d\u00eener \u00e0 19h<br><span style=\"text-decoration: underline;\">20h-22h<\/span> : veill\u00e9e encadr\u00e9e par les animateurs BAFA puis coucher<\/p>\n\n\n\n<p class=\"has-text-align-left has-text-color has-link-color has-medium-font-size wp-elements-05bcfe55f4c8cd8cbe275dc589e397a1\" style=\"color:#cb464b\"><strong>S\u00e9jour avril 2025<\/strong><\/p>\n\n\n\n<div class=\"wp-block-columns is-layout-flex wp-container-core-columns-is-layout-9d6595d7 wp-block-columns-is-layout-flex\">\n<div class=\"wp-block-column is-layout-flow wp-block-column-is-layout-flow\" style=\"flex-basis:66.66%\">\n<figure class=\"wp-block-video\"><video height=\"1080\" style=\"aspect-ratio: 1440 \/ 1080;\" width=\"1440\" controls src=\"https:\/\/archers91.fr\/wp-content\/uploads\/2025\/05\/SejourJeunes-v2.mp4\"><\/video><\/figure>\n<\/div>\n\n\n\n<div class=\"wp-block-column is-layout-flow wp-block-column-is-layout-flow\" style=\"flex-basis:33.33%\"><\/div>\n<\/div>\n\n\n\n<p class=\"has-text-color has-link-color has-medium-font-size wp-elements-63c3ccaff039b9ac9a6eadea747ce522\" style=\"color:#cb464b\"><strong>S\u00e9jour avril 2024<\/strong><\/p>\n\n\n\n<div class=\"wp-block-columns is-layout-flex wp-container-core-columns-is-layout-9d6595d7 wp-block-columns-is-layout-flex\">\n<div class=\"wp-block-column is-layout-flow wp-block-column-is-layout-flow\" style=\"flex-basis:66.66%\">\n<figure class=\"wp-block-video\"><video height=\"1080\" style=\"aspect-ratio: 1916 \/ 1080;\" width=\"1916\" controls src=\"https:\/\/archers91.fr\/wp-content\/uploads\/2025\/05\/SejourJeunesAvril2024.mp4\"><\/video><\/figure>\n<\/div>\n\n\n\n<div class=\"wp-block-column is-layout-flow wp-block-column-is-layout-flow\" style=\"flex-basis:33.33%\"><\/div>\n<\/div>\n\n\n\n<p><\/p>\n","protected":false},"excerpt":{"rendered":"<p>Le prochain s\u00e9jour Jeunes aura lieu du 20 au 24 avril 2026 \u00e0 Chamarande (91). Documents \u00e0 fournir Proc\u00e9dure d\u2019inscription Les r\u00e9servations sont assur\u00e9es par ordre d\u2019arriv\u00e9e des dossiers.Les dossiers complets doivent parvenir au secr\u00e9tariat afin de valider votre inscription d\u00e9finitive&nbsp;avant le 9 avril 2026.R\u00e8glement int\u00e9rieur :&nbsp;pdf Exemple d&rsquo;une journ\u00e9e :9h-12h : r\u00e9veil, r\u00e9veil musculaire, [&hellip;]<\/p>\n","protected":false},"author":1,"featured_media":0,"parent":0,"menu_order":5,"comment_status":"closed","ping_status":"closed","template":"","meta":{"footnotes":""},"class_list":["post-1294","page","type-page","status-publish","hentry"],"_links":{"self":[{"href":"https:\/\/archers91.fr\/index.php?rest_route=\/wp\/v2\/pages\/1294","targetHints":{"allow":["GET"]}}],"collection":[{"href":"https:\/\/archers91.fr\/index.php?rest_route=\/wp\/v2\/pages"}],"about":[{"href":"https:\/\/archers91.fr\/index.php?rest_route=\/wp\/v2\/types\/page"}],"author":[{"embeddable":true,"href":"https:\/\/archers91.fr\/index.php?rest_route=\/wp\/v2\/users\/1"}],"replies":[{"embeddable":true,"href":"https:\/\/archers91.fr\/index.php?rest_route=%2Fwp%2Fv2%2Fcomments&post=1294"}],"version-history":[{"count":97,"href":"https:\/\/archers91.fr\/index.php?rest_route=\/wp\/v2\/pages\/1294\/revisions"}],"predecessor-version":[{"id":24444,"href":"https:\/\/archers91.fr\/index.php?rest_route=\/wp\/v2\/pages\/1294\/revisions\/24444"}],"wp:attachment":[{"href":"https:\/\/archers91.fr\/index.php?rest_route=%2Fwp%2Fv2%2Fmedia&parent=1294"}],"curies":[{"name":"wp","href":"https:\/\/api.w.org\/{rel}","templated":true}]}}

Séjour jeunes

<p class="has-text-color has-link-color has-medium-font-size wp-elements-f343429b445e77842500ad9e45b1bc45" style="color:#cb464b"><strong>Le prochain séjour Jeunes aura lieu du 20 au 24 avril 2026 à Chamarande (91).</strong></p>



<div class="wp-block-media-text is-stacked-on-mobile" style="grid-template-columns:31% auto"><figure class="wp-block-media-text__media"><img loading="lazy" decoding="async" width="709" height="1024" src="https://archers91.fr/wp-content/uploads/2025/11/Chamarandes_avril26-709x1024.png" alt="" class="wp-image-24150 size-full" srcset="https://archers91.fr/wp-content/uploads/2025/11/Chamarandes_avril26-709x1024.png 709w, https://archers91.fr/wp-content/uploads/2025/11/Chamarandes_avril26-208x300.png 208w, https://archers91.fr/wp-content/uploads/2025/11/Chamarandes_avril26.png 720w" sizes="auto, (max-width: 709px) 100vw, 709px" /></figure><div class="wp-block-media-text__content">
<div class="wp-block-group is-vertical is-layout-flex wp-container-core-group-is-layout-8cf370e7 wp-block-group-is-layout-flex">
<p style="font-size:15px">Ce séjour sportif a pour objectif de perfectionner le niveau technique de tir à l’arc (minimum 4 heures de pratique par jour) dans un cadre et un environnement calme permettant l’épanouissement de la personne.<br>Le perfectionnement sera surtout centré sur la technique en fonction de l’évolution de l’enfant et sera adapté au niveau et à la motivation de l’archer.</p>



<p style="font-size:15px">Le séjour est encadré par un diplômé d’État (partie tir à l’arc) et un animateur BAFA (soirées et nuits).</p>



<p style="font-size:15px"><strong>Séjour réservé aux licenciés FFTA (à partir de la 2ème année de licence) entre 10 et 17 ans</strong></p>



<p style="font-size:15px"><strong>Lieu</strong> : Centre Mione au château de Chamarande<br>Les jeunes sont en chambre de 2 ou 3 personnes avec lavabo. Les repas sont pris tous ensemble dans le self de l’établissement.</p>



<p style="font-size:15px"><strong>Tarif</strong> : Licencié de l&rsquo;Essonne : 450 € ; Licencié hors Essonne : 480€<br>Possibilité de payer en ligne (CB via HelloAsso), chèque, chèques vacances ANCV, virement</p>



<p style="font-size:15px"><strong>Nb de places </strong>: 24 (si moins de 9 inscrits, séjour annulé et remplacé par des journées de perfectionnement au local à Corbeil (à la journée de 9h à 16h30)</p>



<p style="font-size:15px"><strong>Matériel de tir</strong> : Minimum 8 flèches en bon état, ainsi que le petit matériel de rechange (plumes, encoches…). Arc Essonne ne saurait être responsable des vols et dégradations commis.</p>
</div>
</div></div>



<div class="wp-block-columns is-layout-flex wp-container-core-columns-is-layout-9d6595d7 wp-block-columns-is-layout-flex">
<div class="wp-block-column is-layout-flow wp-block-column-is-layout-flow" style="flex-basis:33.33%">
<p class="has-text-color has-link-color has-medium-font-size wp-elements-e0664d84e99fab4affbe59c652ea3d6d" style="color:#cb464b"><strong>Documents à fournir</strong></p>



<ul class="wp-block-list">
<li style="font-size:15px">Photo d’identité</li>



<li style="font-size:15px">Attestation de responsabilité civile</li>



<li style="font-size:15px">Attestation de sécurité sociale</li>



<li style="font-size:15px">Attestation de mutuelle</li>



<li style="font-size:15px">Copie des vaccins</li>
</ul>
</div>



<div class="wp-block-column is-layout-flow wp-block-column-is-layout-flow" style="flex-basis:66.66%">
<p class="has-text-color has-link-color has-medium-font-size wp-elements-fe4a0bf4009c0ca1debbd81bc505ed96" style="color:#cb464b"><strong>Procédure d’inscription</strong></p>



<ol class="wp-block-list">
<li style="font-size:15px">Vous devez remplir le formulaire de pré-inscription en ligne.</li>



<li style="font-size:15px">Vous recevrez (dans les jours qui suivent) une fiche d’inscription remplie que vous devrez vérifier, signer et renvoyer accompagnée du règlement et des documents à fournir.</li>



<li style="font-size:15px">A réception, si le dossier est complet, vous recevrez un confirmation par mail.</li>
</ol>
</div>
</div>



<p style="font-size:15px">Les réservations sont assurées par ordre d’arrivée des dossiers.<br>Les dossiers complets doivent parvenir au secrétariat afin de valider votre inscription définitive&nbsp;<strong>avant le 9 avril 2026</strong>.<br>Règlement intérieur :&nbsp;<a href="https://archers91.fr/wp-content/uploads/2024/04/Reglement-Interieur-Sejour-Jeunes.pdf" target="_blank" rel="noreferrer noopener">pdf</a></p>



<div class="wp-block-buttons has-white-background-color has-background is-content-justification-center is-layout-flex wp-container-core-buttons-is-layout-16018d1d wp-block-buttons-is-layout-flex">
<div class="wp-block-button has-custom-width wp-block-button__width-50"><a class="wp-block-button__link has-background has-medium-font-size has-custom-font-size wp-element-button" href="https://docs.google.com/forms/d/e/1FAIpQLSfVdA0Art5sTZChLoEYMVUBoQHpWKROlgpV2ODlIw9XeEQMkw/viewform?usp=sharing&amp;ouid=103564378895249105172" style="border-radius:15px;background-color:#cb464b">Je m&rsquo;inscris !</a></div>
</div>



<p style="font-size:13px"><strong>Exemple d&rsquo;une journée</strong> <span style="font-size: medium;">:<br></span><span style="text-decoration: underline;">9h-12h</span> : réveil, réveil musculaire, petit déjeuner et pratique du tir à l&rsquo;arc, encadrée par nos professionnels diplômé d&rsquo;État<br><span style="text-decoration: underline;">12h-14h</span> : déjeuner suivi d&rsquo;un temps calme (jeux de cartes, jeux de société, courrier …)<br><span style="text-decoration: underline;">14h-18h</span> : théorie et/ou pratique du tir à l’arc&nbsp; &#8211; activités annexes, chaque après-midi est coupée par un goûter vers 16h30<br><span style="text-decoration: underline;">18h-20h</span> : douche, temps calme et dîner à 19h<br><span style="text-decoration: underline;">20h-22h</span> : veillée encadrée par les animateurs BAFA puis coucher</p>



<p class="has-text-align-left has-text-color has-link-color has-medium-font-size wp-elements-05bcfe55f4c8cd8cbe275dc589e397a1" style="color:#cb464b"><strong>Séjour avril 2025</strong></p>



<div class="wp-block-columns is-layout-flex wp-container-core-columns-is-layout-9d6595d7 wp-block-columns-is-layout-flex">
<div class="wp-block-column is-layout-flow wp-block-column-is-layout-flow" style="flex-basis:66.66%">
<figure class="wp-block-video"><video height="1080" style="aspect-ratio: 1440 / 1080;" width="1440" controls src="https://archers91.fr/wp-content/uploads/2025/05/SejourJeunes-v2.mp4"></video></figure>
</div>



<div class="wp-block-column is-layout-flow wp-block-column-is-layout-flow" style="flex-basis:33.33%"></div>
</div>



<p class="has-text-color has-link-color has-medium-font-size wp-elements-63c3ccaff039b9ac9a6eadea747ce522" style="color:#cb464b"><strong>Séjour avril 2024</strong></p>



<div class="wp-block-columns is-layout-flex wp-container-core-columns-is-layout-9d6595d7 wp-block-columns-is-layout-flex">
<div class="wp-block-column is-layout-flow wp-block-column-is-layout-flow" style="flex-basis:66.66%">
<figure class="wp-block-video"><video height="1080" style="aspect-ratio: 1916 / 1080;" width="1916" controls src="https://archers91.fr/wp-content/uploads/2025/05/SejourJeunesAvril2024.mp4"></video></figure>
</div>



<div class="wp-block-column is-layout-flow wp-block-column-is-layout-flow" style="flex-basis:33.33%"></div>
</div>



<p></p>

<p>Le prochain séjour Jeunes aura lieu du 20 au 24 avril 2026 à Chamarande (91). Documents à fournir Procédure d’inscription Les réservations sont assurées par ordre d’arrivée des dossiers.Les dossiers complets doivent parvenir au secrétariat afin de valider votre inscription définitive&nbsp;avant le 9 avril 2026.Règlement intérieur :&nbsp;pdf Exemple d&rsquo;une journée :9h-12h : réveil, réveil musculaire, [&hellip;]</p>
