{"id":20250,"date":"2022-12-20T10:44:14","date_gmt":"2022-12-20T09:44:14","guid":{"rendered":"http:\/\/archers91.fr\/wordpress\/?page_id=20250"},"modified":"2025-12-23T18:40:24","modified_gmt":"2025-12-23T17:40:24","slug":"para-tir-a-larc","status":"publish","type":"page","link":"https:\/\/archers91.fr\/?page_id=20250","title":{"rendered":"Para Tir \u00e0 l&rsquo;arc"},"content":{"rendered":"\n<p>Depuis 2021, la <a href=\"https:\/\/www.ffta.fr\/para\">FFTA est d\u00e9l\u00e9gataire <\/a>du para-tir \u00e0 l&rsquo;arc et prend en charge l&rsquo;organisation des comp\u00e9titions.<\/p>\n\n\n\n<p>Afin de participer \u00e0 une comp\u00e9tition paraTAA, l&rsquo;archer doit \u00eatre classifi\u00e9 pour d\u00e9terminer sa cat\u00e9gorie et les aides \u00e9ventuelles qu&rsquo;il peut utiliser lors de son tir.<\/p>\n\n\n\n<h2 class=\"wp-block-heading\">Classification<\/h2>\n\n\n\n<div class=\"wp-block-columns is-layout-flex wp-container-core-columns-is-layout-9d6595d7 wp-block-columns-is-layout-flex\">\n<div class=\"wp-block-column is-layout-flow wp-block-column-is-layout-flow\">\n<div data-wp-interactive=\"core\/file\" class=\"wp-block-file aligncenter\"><object data-wp-bind--hidden=\"!state.hasPdfPreview\" hidden class=\"wp-block-file__embed\" data=\"https:\/\/archers91.fr\/wp-content\/uploads\/2025\/12\/fiche-classification.pdf\" type=\"application\/pdf\" style=\"width:100%;height:600px\" aria-label=\"Contenu embarqu\u00e9 fiche-classification.\"><\/object><a id=\"wp-block-file--media-deda314e-de72-4b82-9774-a84694611550\" href=\"https:\/\/archers91.fr\/wp-content\/uploads\/2025\/12\/fiche-classification.pdf\" target=\"_blank\" rel=\"noreferrer noopener\">fiche-classification<\/a><a href=\"https:\/\/archers91.fr\/wp-content\/uploads\/2025\/12\/fiche-classification.pdf\" class=\"wp-block-file__button wp-element-button\" download aria-describedby=\"wp-block-file--media-deda314e-de72-4b82-9774-a84694611550\">T\u00e9l\u00e9charger<\/a><\/div>\n<\/div>\n\n\n\n<div class=\"wp-block-column is-layout-flow wp-block-column-is-layout-flow\">\n<div data-wp-interactive=\"core\/file\" class=\"wp-block-file\"><object data-wp-bind--hidden=\"!state.hasPdfPreview\" hidden class=\"wp-block-file__embed\" data=\"https:\/\/archers91.fr\/wp-content\/uploads\/2025\/12\/22-10-24-categories_2022-corr_hto.pdf\" type=\"application\/pdf\" style=\"width:100%;height:600px\" aria-label=\"Contenu embarqu\u00e9 22-10-24-categories_2022-corr_hto.\"><\/object><a id=\"wp-block-file--media-59e00833-c41a-4751-8d78-a1d44204f03c\" href=\"https:\/\/archers91.fr\/wp-content\/uploads\/2025\/12\/22-10-24-categories_2022-corr_hto.pdf\">22-10-24-categories_2022-corr_hto<\/a><a href=\"https:\/\/archers91.fr\/wp-content\/uploads\/2025\/12\/22-10-24-categories_2022-corr_hto.pdf\" class=\"wp-block-file__button wp-element-button\" download aria-describedby=\"wp-block-file--media-59e00833-c41a-4751-8d78-a1d44204f03c\">T\u00e9l\u00e9charger<\/a><\/div>\n<\/div>\n<\/div>\n\n\n\n<h2 class=\"wp-block-heading\">Guide des aides autoris\u00e9es<\/h2>\n\n\n\n<div class=\"wp-block-columns is-layout-flex wp-container-core-columns-is-layout-9d6595d7 wp-block-columns-is-layout-flex\">\n<div class=\"wp-block-column is-layout-flow wp-block-column-is-layout-flow\">\n<div data-wp-interactive=\"core\/file\" class=\"wp-block-file\"><object data-wp-bind--hidden=\"!state.hasPdfPreview\" hidden class=\"wp-block-file__embed\" data=\"https:\/\/archers91.fr\/wp-content\/uploads\/2025\/12\/2024-Guide_elts-_assisatnce-version-FR-v2a.pdf\" type=\"application\/pdf\" style=\"width:100%;height:600px\" aria-label=\"Contenu embarqu\u00e9 2024 Guide_elts _assisatnce version FR v2a.\"><\/object><a id=\"wp-block-file--media-1b457394-4370-48f0-b92f-055ea327f2ca\" href=\"https:\/\/archers91.fr\/wp-content\/uploads\/2025\/12\/2024-Guide_elts-_assisatnce-version-FR-v2a.pdf\">2024 Guide_elts _assisatnce version FR v2a<\/a><a href=\"https:\/\/archers91.fr\/wp-content\/uploads\/2025\/12\/2024-Guide_elts-_assisatnce-version-FR-v2a.pdf\" class=\"wp-block-file__button wp-element-button\" download aria-describedby=\"wp-block-file--media-1b457394-4370-48f0-b92f-055ea327f2ca\">T\u00e9l\u00e9charger<\/a><\/div>\n<\/div>\n\n\n\n<div class=\"wp-block-column is-layout-flow wp-block-column-is-layout-flow\"><\/div>\n<\/div>\n","protected":false},"excerpt":{"rendered":"<p>Depuis 2021, la FFTA est d\u00e9l\u00e9gataire du para-tir \u00e0 l&rsquo;arc et prend en charge l&rsquo;organisation des comp\u00e9titions. Afin de participer \u00e0 une comp\u00e9tition paraTAA, l&rsquo;archer doit \u00eatre classifi\u00e9 pour d\u00e9terminer sa cat\u00e9gorie et les aides \u00e9ventuelles qu&rsquo;il peut utiliser lors de son tir. Classification Guide des aides autoris\u00e9es<\/p>\n","protected":false},"author":1,"featured_media":0,"parent":0,"menu_order":11,"comment_status":"closed","ping_status":"closed","template":"","meta":{"footnotes":""},"class_list":["post-20250","page","type-page","status-publish","hentry"],"_links":{"self":[{"href":"https:\/\/archers91.fr\/index.php?rest_route=\/wp\/v2\/pages\/20250","targetHints":{"allow":["GET"]}}],"collection":[{"href":"https:\/\/archers91.fr\/index.php?rest_route=\/wp\/v2\/pages"}],"about":[{"href":"https:\/\/archers91.fr\/index.php?rest_route=\/wp\/v2\/types\/page"}],"author":[{"embeddable":true,"href":"https:\/\/archers91.fr\/index.php?rest_route=\/wp\/v2\/users\/1"}],"replies":[{"embeddable":true,"href":"https:\/\/archers91.fr\/index.php?rest_route=%2Fwp%2Fv2%2Fcomments&post=20250"}],"version-history":[{"count":19,"href":"https:\/\/archers91.fr\/index.php?rest_route=\/wp\/v2\/pages\/20250\/revisions"}],"predecessor-version":[{"id":24253,"href":"https:\/\/archers91.fr\/index.php?rest_route=\/wp\/v2\/pages\/20250\/revisions\/24253"}],"wp:attachment":[{"href":"https:\/\/archers91.fr\/index.php?rest_route=%2Fwp%2Fv2%2Fmedia&parent=20250"}],"curies":[{"name":"wp","href":"https:\/\/api.w.org\/{rel}","templated":true}]}}