{"id":22409,"date":"2024-04-25T16:25:14","date_gmt":"2024-04-25T14:25:14","guid":{"rendered":"https:\/\/archers91.fr\/?page_id=22409"},"modified":"2025-10-21T10:57:43","modified_gmt":"2025-10-21T08:57:43","slug":"commissions","status":"publish","type":"page","link":"https:\/\/archers91.fr\/?page_id=22409","title":{"rendered":"Commissions"},"content":{"rendered":"\n<figure class=\"wp-block-table is-style-stripes has-small-font-size\"><table><tbody><tr><td class=\"has-text-align-center\" data-align=\"center\"><strong>Sportive<\/strong><\/td><td class=\"has-text-align-center\" data-align=\"center\"><strong>Formation<\/strong><\/td><td class=\"has-text-align-center\" data-align=\"center\"><strong>D\u00e9butants<\/strong><\/td><td class=\"has-text-align-center\" data-align=\"center\"><strong>Para-archerie<\/strong><\/td><td class=\"has-text-align-center\" data-align=\"center\"><strong>F\u00e9minisation<\/strong><\/td><td><\/td><\/tr><tr><td class=\"has-text-align-center\" data-align=\"center\">Mathieu<br>G\u00e9rard<br>Hugues<br>L\u00e6titia<br>Manu<\/td><td class=\"has-text-align-center\" data-align=\"center\">Aur\u00e9lie<br>Mathieu<br>Manu<br>Sandrine<\/td><td class=\"has-text-align-center\" data-align=\"center\">L\u00e6titia<br>Aur\u00e9lie<br>Guillaume<br>Hugues<\/td><td class=\"has-text-align-center\" data-align=\"center\">Nathalie<br>Guillaume<br>Florent<\/td><td class=\"has-text-align-center\" data-align=\"center\">L\u00e6titia<\/td><td><\/td><\/tr><tr><td class=\"has-text-align-center\" data-align=\"center\"><strong>Tradition<\/strong><\/td><td class=\"has-text-align-center\" data-align=\"center\"><strong>Arbitrage<\/strong><\/td><td class=\"has-text-align-center\" data-align=\"center\"><strong>Labels<\/strong><\/td><td class=\"has-text-align-center\" data-align=\"center\"><strong>Parcours<\/strong><\/td><td class=\"has-text-align-center\" data-align=\"center\"><strong>Run-Archery<\/strong><\/td><td><\/td><\/tr><tr><td class=\"has-text-align-center\" data-align=\"center\"><em>Florent<\/em><\/td><td class=\"has-text-align-center\" data-align=\"center\"><em>PCDA Eric<\/em><\/td><td class=\"has-text-align-center\" data-align=\"center\"><em>Guillaume<\/em><\/td><td class=\"has-text-align-center\" data-align=\"center\"><em>G\u00e9rard<\/em><br>Alexis<\/td><td class=\"has-text-align-center\" data-align=\"center\">G\u00e9rard<\/td><td><\/td><\/tr><tr><td class=\"has-text-align-center\" data-align=\"center\"><strong>Administratif<\/strong><\/td><td class=\"has-text-align-center\" data-align=\"center\"><strong>Finances<\/strong> <strong>et RH<\/strong><\/td><td class=\"has-text-align-center\" data-align=\"center\"><strong>Mat\u00e9riel<\/strong><\/td><td class=\"has-text-align-center\" data-align=\"center\"><strong>Communication<\/strong><\/td><td class=\"has-text-align-center\" data-align=\"center\"><\/td><td><\/td><\/tr><tr><td class=\"has-text-align-center\" data-align=\"center\"><em>Sandrine<\/em><br>Oc\u00e9ane<br>Thierry<\/td><td class=\"has-text-align-center\" data-align=\"center\"><em>Oc\u00e9ane<\/em><br>Thierry<\/td><td class=\"has-text-align-center\" data-align=\"center\">G\u00e9rard<br>Manu<\/td><td class=\"has-text-align-center\" data-align=\"center\">Guillaume<br>L\u00e6titia<br>M\u00e2amoun<br>Sandrine<\/td><td class=\"has-text-align-center\" data-align=\"center\"><\/td><td><\/td><\/tr><\/tbody><\/table><\/figure>\n\n\n\n<p><\/p>\n","protected":false},"excerpt":{"rendered":"<p>Sportive Formation D\u00e9butants Para-archerie F\u00e9minisation MathieuG\u00e9rardHuguesL\u00e6titiaManu Aur\u00e9lieMathieuManuSandrine L\u00e6titiaAur\u00e9lieGuillaumeHugues NathalieGuillaumeFlorent L\u00e6titia Tradition Arbitrage Labels Parcours Run-Archery Florent PCDA Eric Guillaume G\u00e9rardAlexis G\u00e9rard Administratif Finances et RH Mat\u00e9riel Communication SandrineOc\u00e9aneThierry Oc\u00e9aneThierry G\u00e9rardManu GuillaumeL\u00e6titiaM\u00e2amounSandrine<\/p>\n","protected":false},"author":5,"featured_media":0,"parent":0,"menu_order":0,"comment_status":"closed","ping_status":"closed","template":"","meta":{"footnotes":""},"class_list":["post-22409","page","type-page","status-publish","hentry"],"_links":{"self":[{"href":"https:\/\/archers91.fr\/index.php?rest_route=\/wp\/v2\/pages\/22409","targetHints":{"allow":["GET"]}}],"collection":[{"href":"https:\/\/archers91.fr\/index.php?rest_route=\/wp\/v2\/pages"}],"about":[{"href":"https:\/\/archers91.fr\/index.php?rest_route=\/wp\/v2\/types\/page"}],"author":[{"embeddable":true,"href":"https:\/\/archers91.fr\/index.php?rest_route=\/wp\/v2\/users\/5"}],"replies":[{"embeddable":true,"href":"https:\/\/archers91.fr\/index.php?rest_route=%2Fwp%2Fv2%2Fcomments&post=22409"}],"version-history":[{"count":8,"href":"https:\/\/archers91.fr\/index.php?rest_route=\/wp\/v2\/pages\/22409\/revisions"}],"predecessor-version":[{"id":23988,"href":"https:\/\/archers91.fr\/index.php?rest_route=\/wp\/v2\/pages\/22409\/revisions\/23988"}],"wp:attachment":[{"href":"https:\/\/archers91.fr\/index.php?rest_route=%2Fwp%2Fv2%2Fmedia&parent=22409"}],"curies":[{"name":"wp","href":"https:\/\/api.w.org\/{rel}","templated":true}]}}