{"id":3007,"date":"2019-09-18T11:47:36","date_gmt":"2019-09-18T09:47:36","guid":{"rendered":"http:\/\/www.archers91.fr\/wordpress\/archers\/?page_id=3007"},"modified":"2026-04-22T14:36:13","modified_gmt":"2026-04-22T12:36:13","slug":"groupe-essonne","status":"publish","type":"page","link":"https:\/\/archers91.fr\/?page_id=3007","title":{"rendered":"Groupe Essonne JEUNES"},"content":{"rendered":"\n<p class=\"has-small-font-size\" style=\"font-style:normal;font-weight:400\">Le Groupe Essonne est compos\u00e9 de jeunes archers essonniens licenci\u00e9s FFTA (de U11 \u00e0 U21), avec au moins 2 ans de tir, d\u00e9tect\u00e9s principalement lors du concours mini f\u00e9d\u00e9ral , de stages ou au vu de leurs&nbsp;r\u00e9sultats sportifs, et surtout de leur <strong>motivation<\/strong>. Le groupe sera limit\u00e9 \u00e0 12 archers.<br>Ils&nbsp;b\u00e9n\u00e9ficient&nbsp;d\u2019entra\u00eenements&nbsp;compl\u00e9mentaires encadr\u00e9s par le CDTAE \u00e0 un tarif de <strong>150 \u20ac pour l&rsquo;ann\u00e9e pour des s\u00e9ances de 3h<\/strong> le samedi apr\u00e8s-midi qui seront planifi\u00e9es par notre DEJEPS.<br>En plus des entra\u00eenements, un suivi tout le long de l\u2019ann\u00e9e sera mis en place entre l\u2019entra\u00eeneur de club, le jeune et le DEJEPS, notamment sur les championnats d\u00e9partementaux, r\u00e9gionaux et France.<\/p>\n\n\n\n<p class=\"has-small-font-size\">L&rsquo;objectif est de r\u00e9aliser un travail sp\u00e9cifique :<\/p>\n\n\n\n<ul class=\"wp-block-list\">\n<li class=\"has-small-font-size\">Apporter un compl\u00e9ment de formation (technique\/physique et mat\u00e9riel) pour am\u00e9liorer sa performance de tir. <\/li>\n\n\n\n<li class=\"has-small-font-size\">Participer \u00e0 des comp\u00e9titions dites \u00ab officielles \u00bb en salle comme \u00e0 l\u2019ext\u00e9rieur, et pour les plus m\u00e9ritants niveau France.<\/li>\n\n\n\n<li class=\"has-small-font-size\">Mettre en place une d\u00e9marche sportive pour atteindre ses objectifs personnels en salle comme \u00e0 l\u2019ext\u00e9rieur.<\/li>\n\n\n\n<li class=\"has-small-font-size\">Atteindre un niveau de performance r\u00e9gional\/France sur du Tir \u00e0 l&rsquo;Arc Ext\u00e9rieur longues distances.<\/li>\n\n\n\n<li class=\"has-small-font-size\">De la pr\u00e9paration mentale sera faite pour se pr\u00e9parer au maximum aux objectifs d\u00e9finis en d\u00e9but d\u2019ann\u00e9e.<\/li>\n<\/ul>\n\n\n\n<hr class=\"wp-block-separator alignfull has-alpha-channel-opacity is-style-default\"\/>\n\n\n\n<h2 class=\"wp-block-heading\">Calendrier des entra\u00eenements 2025-2026 : de 14h \u00e0 17h avec Hugo<\/h2>\n\n\n\n<figure class=\"wp-block-table alignwide is-style-stripes\"><table class=\"has-fixed-layout\"><thead><tr><th class=\"has-text-align-center\" data-align=\"center\">Date <\/th><th class=\"has-text-align-center\" data-align=\"center\">Lieu<\/th><th class=\"has-text-align-center\" data-align=\"center\">Plan d&rsquo;acc\u00e8s<\/th><\/tr><\/thead><tbody><tr><td class=\"has-text-align-center\" data-align=\"center\">17 septembre<\/td><td class=\"has-text-align-center\" data-align=\"center\"><strong>D\u00c9TECTION 16H  Corbeil<\/strong><\/td><td class=\"has-text-align-center\" data-align=\"center\"><\/td><\/tr><tr><td class=\"has-text-align-center\" data-align=\"center\">18 octobre<\/td><td class=\"has-text-align-center\" data-align=\"center\">Local \u00e0 Corbeil<\/td><td class=\"has-text-align-center\" data-align=\"center\"><span style=\"font-size: medium;\">Plan d&rsquo;acc\u00e8s \u00e0 Corbeil : <a href=\"https:\/\/archers91.fr\/wp-content\/uploads\/2024\/09\/acces-CDTAE.pdf\" target=\"_blank\" rel=\"noreferrer noopener\">pdf<\/a><\/span><\/td><\/tr><tr><td class=\"has-text-align-center\" data-align=\"center\">22 novembre<\/td><td class=\"has-text-align-center\" data-align=\"center\">Local \u00e0 Corbeil<\/td><td class=\"has-text-align-center\" data-align=\"center\"><\/td><\/tr><tr><td class=\"has-text-align-center\" data-align=\"center\">6 d\u00e9cembre<\/td><td class=\"has-text-align-center\" data-align=\"center\">Local \u00e0 Corbeil<\/td><td class=\"has-text-align-center\" data-align=\"center\"><\/td><\/tr><tr><td class=\"has-text-align-center\" data-align=\"center\">10 janvier<\/td><td class=\"has-text-align-center\" data-align=\"center\">Local \u00e0 Corbeil<\/td><td class=\"has-text-align-center\" data-align=\"center\"><\/td><\/tr><tr><td class=\"has-text-align-center\" data-align=\"center\">24 janvier<\/td><td class=\"has-text-align-center\" data-align=\"center\">CD Jeunes<\/td><td class=\"has-text-align-center\" data-align=\"center\"><\/td><\/tr><tr><td class=\"has-text-align-center\" data-align=\"center\">7 f\u00e9vrier<\/td><td class=\"has-text-align-center\" data-align=\"center\">CR Jeunes<\/td><td class=\"has-text-align-center\" data-align=\"center\"><\/td><\/tr><tr><td class=\"has-text-align-center\" data-align=\"center\">21 mars<\/td><td class=\"has-text-align-center\" data-align=\"center\">Local \u00e0 Corbeil<\/td><td class=\"has-text-align-center\" data-align=\"center\"><\/td><\/tr><tr><td class=\"has-text-align-center\" data-align=\"center\">2 mai<\/td><td class=\"has-text-align-center\" data-align=\"center\">Sainte Genevi\u00e8ve des bois<\/td><td class=\"has-text-align-center\" data-align=\"center\"><\/td><\/tr><tr><td class=\"has-text-align-center\" data-align=\"center\">6 juin<\/td><td class=\"has-text-align-center\" data-align=\"center\">Massy<\/td><td class=\"has-text-align-center\" data-align=\"center\"><\/td><\/tr><tr><td class=\"has-text-align-center\" data-align=\"center\">juillet<\/td><td class=\"has-text-align-center\" data-align=\"center\">\u00e0 d\u00e9finir<\/td><td class=\"has-text-align-center\" data-align=\"center\"><\/td><\/tr><\/tbody><\/table><\/figure>\n\n\n\n<p class=\"has-medium-font-size\"><\/p>\n\n\n\n<h2 class=\"wp-block-heading\">Liste des inscrits 2025-2026<\/h2>\n\n\n\n<figure class=\"wp-block-table alignwide is-style-stripes\"><table><thead><tr><th class=\"has-text-align-center\" data-align=\"center\">Nom<\/th><th class=\"has-text-align-center\" data-align=\"center\">Club<\/th><\/tr><\/thead><tbody><tr><td class=\"has-text-align-center\" data-align=\"center\">Estelle BARRE<\/td><td class=\"has-text-align-center\" data-align=\"center\">Marcoussis<\/td><\/tr><tr><td class=\"has-text-align-center\" data-align=\"center\">Eva BRUIN<\/td><td class=\"has-text-align-center\" data-align=\"center\">Orsay<\/td><\/tr><tr><td class=\"has-text-align-center\" data-align=\"center\">Roxane CHAN-LENOEL<\/td><td class=\"has-text-align-center\" data-align=\"center\">Massy<\/td><\/tr><tr><td class=\"has-text-align-center\" data-align=\"center\">Mathys LEBRUN<\/td><td class=\"has-text-align-center\" data-align=\"center\">Orsay<\/td><\/tr><tr><td class=\"has-text-align-center\" data-align=\"center\">Thyphaine LEBRUN<\/td><td class=\"has-text-align-center\" data-align=\"center\">Orsay<\/td><\/tr><tr><td class=\"has-text-align-center\" data-align=\"center\">Simon LESAGE<\/td><td class=\"has-text-align-center\" data-align=\"center\">Orsay<\/td><\/tr><tr><td class=\"has-text-align-center\" data-align=\"center\">Aaron PAUCHET<\/td><td class=\"has-text-align-center\" data-align=\"center\">Marcoussis<\/td><\/tr><tr><td class=\"has-text-align-center\" data-align=\"center\">Maxime PONCHON<\/td><td class=\"has-text-align-center\" data-align=\"center\">Orsay<\/td><\/tr><tr><td class=\"has-text-align-center\" data-align=\"center\">Quentin POUTIER<\/td><td class=\"has-text-align-center\" data-align=\"center\">Massy<\/td><\/tr><tr><td class=\"has-text-align-center\" data-align=\"center\">In\u00e8s RODIER<\/td><td class=\"has-text-align-center\" data-align=\"center\">Massy<\/td><\/tr><tr><td class=\"has-text-align-center\" data-align=\"center\">Coraline VERG\u00c9<\/td><td class=\"has-text-align-center\" data-align=\"center\">Massy<\/td><\/tr><\/tbody><\/table><\/figure>\n\n\n\n<p><\/p>\n\n\n\n<p><\/p>\n","protected":false},"excerpt":{"rendered":"<p>Le Groupe Essonne est compos\u00e9 de jeunes archers essonniens licenci\u00e9s FFTA (de U11 \u00e0 U21), avec au moins 2 ans de tir, d\u00e9tect\u00e9s principalement lors du concours mini f\u00e9d\u00e9ral , de stages ou au vu de leurs&nbsp;r\u00e9sultats sportifs, et surtout de leur motivation. Le groupe sera limit\u00e9 \u00e0 12 archers.Ils&nbsp;b\u00e9n\u00e9ficient&nbsp;d\u2019entra\u00eenements&nbsp;compl\u00e9mentaires encadr\u00e9s par le CDTAE \u00e0 [&hellip;]<\/p>\n","protected":false},"author":1,"featured_media":0,"parent":0,"menu_order":0,"comment_status":"closed","ping_status":"closed","template":"","meta":{"footnotes":""},"class_list":["post-3007","page","type-page","status-publish","hentry"],"_links":{"self":[{"href":"https:\/\/archers91.fr\/index.php?rest_route=\/wp\/v2\/pages\/3007","targetHints":{"allow":["GET"]}}],"collection":[{"href":"https:\/\/archers91.fr\/index.php?rest_route=\/wp\/v2\/pages"}],"about":[{"href":"https:\/\/archers91.fr\/index.php?rest_route=\/wp\/v2\/types\/page"}],"author":[{"embeddable":true,"href":"https:\/\/archers91.fr\/index.php?rest_route=\/wp\/v2\/users\/1"}],"replies":[{"embeddable":true,"href":"https:\/\/archers91.fr\/index.php?rest_route=%2Fwp%2Fv2%2Fcomments&post=3007"}],"version-history":[{"count":67,"href":"https:\/\/archers91.fr\/index.php?rest_route=\/wp\/v2\/pages\/3007\/revisions"}],"predecessor-version":[{"id":24600,"href":"https:\/\/archers91.fr\/index.php?rest_route=\/wp\/v2\/pages\/3007\/revisions\/24600"}],"wp:attachment":[{"href":"https:\/\/archers91.fr\/index.php?rest_route=%2Fwp%2Fv2%2Fmedia&parent=3007"}],"curies":[{"name":"wp","href":"https:\/\/api.w.org\/{rel}","templated":true}]}}

<p class="has-small-font-size" style="font-style:normal;font-weight:400">Le Groupe Essonne est composé de jeunes archers essonniens licenciés FFTA (de U11 à U21), avec au moins 2 ans de tir, détectés principalement lors du concours mini fédéral , de stages ou au vu de leurs&nbsp;résultats sportifs, et surtout de leur <strong>motivation</strong>. Le groupe sera limité à 12 archers.<br>Ils&nbsp;bénéficient&nbsp;d’entraînements&nbsp;complémentaires encadrés par le CDTAE à un tarif de <strong>150 € pour l&rsquo;année pour des séances de 3h</strong> le samedi après-midi qui seront planifiées par notre DEJEPS.<br>En plus des entraînements, un suivi tout le long de l’année sera mis en place entre l’entraîneur de club, le jeune et le DEJEPS, notamment sur les championnats départementaux, régionaux et France.</p>



<p class="has-small-font-size">L&rsquo;objectif est de réaliser un travail spécifique :</p>



<ul class="wp-block-list">
<li class="has-small-font-size">Apporter un complément de formation (technique/physique et matériel) pour améliorer sa performance de tir. </li>



<li class="has-small-font-size">Participer à des compétitions dites « officielles » en salle comme à l’extérieur, et pour les plus méritants niveau France.</li>



<li class="has-small-font-size">Mettre en place une démarche sportive pour atteindre ses objectifs personnels en salle comme à l’extérieur.</li>



<li class="has-small-font-size">Atteindre un niveau de performance régional/France sur du Tir à l&rsquo;Arc Extérieur longues distances.</li>



<li class="has-small-font-size">De la préparation mentale sera faite pour se préparer au maximum aux objectifs définis en début d’année.</li>
</ul>



<hr class="wp-block-separator alignfull has-alpha-channel-opacity is-style-default"/>



<h2 class="wp-block-heading">Calendrier des entraînements 2025-2026 : de 14h à 17h avec Hugo</h2>



<figure class="wp-block-table alignwide is-style-stripes"><table class="has-fixed-layout"><thead><tr><th class="has-text-align-center" data-align="center">Date </th><th class="has-text-align-center" data-align="center">Lieu</th><th class="has-text-align-center" data-align="center">Plan d&rsquo;accès</th></tr></thead><tbody><tr><td class="has-text-align-center" data-align="center">17 septembre</td><td class="has-text-align-center" data-align="center"><strong>DÉTECTION 16H  Corbeil</strong></td><td class="has-text-align-center" data-align="center"></td></tr><tr><td class="has-text-align-center" data-align="center">18 octobre</td><td class="has-text-align-center" data-align="center">Local à Corbeil</td><td class="has-text-align-center" data-align="center"><span style="font-size: medium;">Plan d&rsquo;accès à Corbeil : <a href="https://archers91.fr/wp-content/uploads/2024/09/acces-CDTAE.pdf" target="_blank" rel="noreferrer noopener">pdf</a></span></td></tr><tr><td class="has-text-align-center" data-align="center">22 novembre</td><td class="has-text-align-center" data-align="center">Local à Corbeil</td><td class="has-text-align-center" data-align="center"></td></tr><tr><td class="has-text-align-center" data-align="center">6 décembre</td><td class="has-text-align-center" data-align="center">Local à Corbeil</td><td class="has-text-align-center" data-align="center"></td></tr><tr><td class="has-text-align-center" data-align="center">10 janvier</td><td class="has-text-align-center" data-align="center">Local à Corbeil</td><td class="has-text-align-center" data-align="center"></td></tr><tr><td class="has-text-align-center" data-align="center">24 janvier</td><td class="has-text-align-center" data-align="center">CD Jeunes</td><td class="has-text-align-center" data-align="center"></td></tr><tr><td class="has-text-align-center" data-align="center">7 février</td><td class="has-text-align-center" data-align="center">CR Jeunes</td><td class="has-text-align-center" data-align="center"></td></tr><tr><td class="has-text-align-center" data-align="center">21 mars</td><td class="has-text-align-center" data-align="center">Local à Corbeil</td><td class="has-text-align-center" data-align="center"></td></tr><tr><td class="has-text-align-center" data-align="center">2 mai</td><td class="has-text-align-center" data-align="center">Sainte Geneviève des bois</td><td class="has-text-align-center" data-align="center"></td></tr><tr><td class="has-text-align-center" data-align="center">6 juin</td><td class="has-text-align-center" data-align="center">Massy</td><td class="has-text-align-center" data-align="center"></td></tr><tr><td class="has-text-align-center" data-align="center">juillet</td><td class="has-text-align-center" data-align="center">à définir</td><td class="has-text-align-center" data-align="center"></td></tr></tbody></table></figure>



<p class="has-medium-font-size"></p>



<h2 class="wp-block-heading">Liste des inscrits 2025-2026</h2>



<figure class="wp-block-table alignwide is-style-stripes"><table><thead><tr><th class="has-text-align-center" data-align="center">Nom</th><th class="has-text-align-center" data-align="center">Club</th></tr></thead><tbody><tr><td class="has-text-align-center" data-align="center">Estelle BARRE</td><td class="has-text-align-center" data-align="center">Marcoussis</td></tr><tr><td class="has-text-align-center" data-align="center">Eva BRUIN</td><td class="has-text-align-center" data-align="center">Orsay</td></tr><tr><td class="has-text-align-center" data-align="center">Roxane CHAN-LENOEL</td><td class="has-text-align-center" data-align="center">Massy</td></tr><tr><td class="has-text-align-center" data-align="center">Mathys LEBRUN</td><td class="has-text-align-center" data-align="center">Orsay</td></tr><tr><td class="has-text-align-center" data-align="center">Thyphaine LEBRUN</td><td class="has-text-align-center" data-align="center">Orsay</td></tr><tr><td class="has-text-align-center" data-align="center">Simon LESAGE</td><td class="has-text-align-center" data-align="center">Orsay</td></tr><tr><td class="has-text-align-center" data-align="center">Aaron PAUCHET</td><td class="has-text-align-center" data-align="center">Marcoussis</td></tr><tr><td class="has-text-align-center" data-align="center">Maxime PONCHON</td><td class="has-text-align-center" data-align="center">Orsay</td></tr><tr><td class="has-text-align-center" data-align="center">Quentin POUTIER</td><td class="has-text-align-center" data-align="center">Massy</td></tr><tr><td class="has-text-align-center" data-align="center">Inès RODIER</td><td class="has-text-align-center" data-align="center">Massy</td></tr><tr><td class="has-text-align-center" data-align="center">Coraline VERGÉ</td><td class="has-text-align-center" data-align="center">Massy</td></tr></tbody></table></figure>



<p></p>



<p></p>

<p>Le Groupe Essonne est composé de jeunes archers essonniens licenciés FFTA (de U11 à U21), avec au moins 2 ans de tir, détectés principalement lors du concours mini fédéral , de stages ou au vu de leurs&nbsp;résultats sportifs, et surtout de leur motivation. Le groupe sera limité à 12 archers.Ils&nbsp;bénéficient&nbsp;d’entraînements&nbsp;complémentaires encadrés par le CDTAE à [&hellip;]</p>
