{"id":342,"date":"2009-09-01T18:59:36","date_gmt":"2009-09-01T16:59:36","guid":{"rendered":"http:\/\/www.archers91.fr\/wordpress\/archers\/?page_id=342"},"modified":"2023-09-22T14:17:05","modified_gmt":"2023-09-22T12:17:05","slug":"b-e-e-s","status":"publish","type":"page","link":"https:\/\/archers91.fr\/?page_id=342","title":{"rendered":"DEJEPS &#8211; C.Q.P."},"content":{"rendered":"<h5><strong><span style=\"color: #ff0000;\">C.Q.P. Tir \u00e0 l&rsquo;arc<\/span><\/strong><\/h5>\n<p>Vous souhaitez travailler cet \u00e9t\u00e9 dans l\u2019animation et dans votre passion du tir \u00e0 l&rsquo;arc ?<br \/>\nCette formation s\u2019adresse \u00e0 vous !<\/p>\n<p>Les\u00a0 comp\u00e9tences du Certificat de Qualification Professionnel option tir \u00e0 l&rsquo;arc d\u00e9velopp\u00e9es durant la formation\u00a0sont :<\/p>\n<ul>\n<li>Pr\u00e9parer la mise en place de l\u2019action en ad\u00e9quation avec le public<\/li>\n<li>Pr\u00e9parer ses s\u00e9ances d\u2019animation en tenant compte du public et de ses motivations<\/li>\n<li>Accueillir les participants dans un climat chaleureux<\/li>\n<li>Animer la s\u00e9ance<\/li>\n<li>G\u00e9rer les s\u00e9ances en toute s\u00e9curit\u00e9<\/li>\n<\/ul>\n<p>Conditions d\u2019entr\u00e9e en formation :<br \/>\n-Etre titulaire de l\u2019Attestation de Formation aux Premiers Secours (AFPS) ou PSC1.<br \/>\n-Etre au minimum dans sa 18\u00e8me ann\u00e9e.<\/p>\n<p>R\u00e9f\u00e9rentiel : <a href=\"https:\/\/archers91.fr\/wp-content\/uploads\/2009\/09\/cqp_referentiel_de_formation.pdf\" target=\"_blank\" rel=\"noopener noreferrer\">ici<\/a><\/p>\n<p><a href=\"https:\/\/archers91.fr\/wp-content\/uploads\/2009\/09\/cqp_referentiel_de_formation.pdf\" target=\"_blank\" rel=\"noopener noreferrer\">P<\/a>lus d&rsquo;informations sur le site\u00a0www.ffta.fr \u00a0dans la rubrique \u00ab\u00a0formations et emplois\u00a0\u00bb<\/p>\n<p>Inscription aupr\u00e8s de la FFTA : <a href=\"mailto:ffta@ffta.fr\">ffta@ffta.fr<\/a><\/p>\n<h5><strong><span style=\"color: #ff0000;\">DEJEPS<\/span><\/strong><\/h5>\n<p style=\"text-align: left;\">La FFTA vous propose une pr\u00e9paration sp\u00e9cifique \u00e0 l&rsquo;examen et, en collaboration avec la DDJS 94, un tronc commun en contr\u00f4le continu des connaissances.<\/p>\n<p style=\"text-align: left;\">Ces formations sont conventionn\u00e9es par le Minist\u00e8re de la Jeunesse et des Sports. Elles peuvent donc faire l&rsquo;objet d&rsquo;une prise en charge totale ou partielle du co\u00fbt de votre formation.<\/p>\n<p style=\"text-align: left;\">\n<p style=\"text-align: left;\">Pour plus d&rsquo;information sur ce dipl\u00f4me professionnel :<\/p>\n<p style=\"text-align: center;\"><span style=\"color: #008000;\"><a style=\"color: #008000;\" href=\"https:\/\/www.ffta.fr\/formations-emplois\/formations-detat\/dejeps\" target=\"_blank\" rel=\"noopener noreferrer\"><span style=\"text-decoration: none;\">Site de la F\u00e9d\u00e9ration Fran\u00e7aise de Tir \u00e0 l&rsquo;Arc<\/span><\/a><\/span><\/p>\n<p style=\"text-align: center;\"><span style=\"color: #008000;\">rubrique \u00ab\u00a0Formations &amp; Emplois\u00a0\u00bb<\/span><\/p>\n","protected":false},"excerpt":{"rendered":"<p>C.Q.P. Tir \u00e0 l&rsquo;arc Vous souhaitez travailler cet \u00e9t\u00e9 dans l\u2019animation et dans votre passion du tir \u00e0 l&rsquo;arc ? Cette formation s\u2019adresse \u00e0 vous ! Les\u00a0 comp\u00e9tences du Certificat de Qualification Professionnel option tir \u00e0 l&rsquo;arc d\u00e9velopp\u00e9es durant la formation\u00a0sont : Pr\u00e9parer la mise en place de l\u2019action en ad\u00e9quation avec le public Pr\u00e9parer [&hellip;]<\/p>\n","protected":false},"author":1,"featured_media":0,"parent":1643,"menu_order":0,"comment_status":"closed","ping_status":"closed","template":"","meta":{"footnotes":""},"class_list":["post-342","page","type-page","status-publish","hentry"],"_links":{"self":[{"href":"https:\/\/archers91.fr\/index.php?rest_route=\/wp\/v2\/pages\/342","targetHints":{"allow":["GET"]}}],"collection":[{"href":"https:\/\/archers91.fr\/index.php?rest_route=\/wp\/v2\/pages"}],"about":[{"href":"https:\/\/archers91.fr\/index.php?rest_route=\/wp\/v2\/types\/page"}],"author":[{"embeddable":true,"href":"https:\/\/archers91.fr\/index.php?rest_route=\/wp\/v2\/users\/1"}],"replies":[{"embeddable":true,"href":"https:\/\/archers91.fr\/index.php?rest_route=%2Fwp%2Fv2%2Fcomments&post=342"}],"version-history":[{"count":1,"href":"https:\/\/archers91.fr\/index.php?rest_route=\/wp\/v2\/pages\/342\/revisions"}],"predecessor-version":[{"id":21211,"href":"https:\/\/archers91.fr\/index.php?rest_route=\/wp\/v2\/pages\/342\/revisions\/21211"}],"up":[{"embeddable":true,"href":"https:\/\/archers91.fr\/index.php?rest_route=\/wp\/v2\/pages\/1643"}],"wp:attachment":[{"href":"https:\/\/archers91.fr\/index.php?rest_route=%2Fwp%2Fv2%2Fmedia&parent=342"}],"curies":[{"name":"wp","href":"https:\/\/api.w.org\/{rel}","templated":true}]}}

<h5><strong><span style="color: #ff0000;">C.Q.P. Tir à l&rsquo;arc</span></strong></h5>
<p>Vous souhaitez travailler cet été dans l’animation et dans votre passion du tir à l&rsquo;arc ?<br />
Cette formation s’adresse à vous !</p>
<p>Les  compétences du Certificat de Qualification Professionnel option tir à l&rsquo;arc développées durant la formation sont :</p>
<ul>
<li>Préparer la mise en place de l’action en adéquation avec le public</li>
<li>Préparer ses séances d’animation en tenant compte du public et de ses motivations</li>
<li>Accueillir les participants dans un climat chaleureux</li>
<li>Animer la séance</li>
<li>Gérer les séances en toute sécurité</li>
</ul>
<p>Conditions d’entrée en formation :<br />
-Etre titulaire de l’Attestation de Formation aux Premiers Secours (AFPS) ou PSC1.<br />
-Etre au minimum dans sa 18ème année.</p>
<p>Référentiel : <a href="https://archers91.fr/wp-content/uploads/2009/09/cqp_referentiel_de_formation.pdf" target="_blank" rel="noopener noreferrer">ici</a></p>
<p><a href="https://archers91.fr/wp-content/uploads/2009/09/cqp_referentiel_de_formation.pdf" target="_blank" rel="noopener noreferrer">P</a>lus d&rsquo;informations sur le site www.ffta.fr  dans la rubrique « formations et emplois »</p>
<p>Inscription auprès de la FFTA : <a href="mailto:ffta@ffta.fr">ffta@ffta.fr</a></p>
<h5><strong><span style="color: #ff0000;">DEJEPS</span></strong></h5>
<p style="text-align: left;">La FFTA vous propose une préparation spécifique à l&rsquo;examen et, en collaboration avec la DDJS 94, un tronc commun en contrôle continu des connaissances.</p>
<p style="text-align: left;">Ces formations sont conventionnées par le Ministère de la Jeunesse et des Sports. Elles peuvent donc faire l&rsquo;objet d&rsquo;une prise en charge totale ou partielle du coût de votre formation.</p>
<p style="text-align: left;">
<p style="text-align: left;">Pour plus d&rsquo;information sur ce diplôme professionnel :</p>
<p style="text-align: center;"><span style="color: #008000;"><a style="color: #008000;" href="https://www.ffta.fr/formations-emplois/formations-detat/dejeps" target="_blank" rel="noopener noreferrer"><span style="text-decoration: none;">Site de la Fédération Française de Tir à l&rsquo;Arc</span></a></span></p>
<p style="text-align: center;"><span style="color: #008000;">rubrique « Formations &amp; Emplois »</span></p>

<p>C.Q.P. Tir à l&rsquo;arc Vous souhaitez travailler cet été dans l’animation et dans votre passion du tir à l&rsquo;arc ? Cette formation s’adresse à vous ! Les  compétences du Certificat de Qualification Professionnel option tir à l&rsquo;arc développées durant la formation sont : Préparer la mise en place de l’action en adéquation avec le public Préparer [&hellip;]</p>
