{"id":352,"date":"2009-09-01T19:05:35","date_gmt":"2009-09-01T17:05:35","guid":{"rendered":"http:\/\/www.archers91.fr\/wordpress\/archers\/?page_id=352"},"modified":"2026-01-29T16:18:38","modified_gmt":"2026-01-29T15:18:38","slug":"stage-sportif","status":"publish","type":"page","link":"https:\/\/archers91.fr\/?page_id=352","title":{"rendered":"Stages de Perfectionnement"},"content":{"rendered":"\n<p><span style=\"color: #ff0000;\"><span style=\"color: #000000;\"><strong><span style=\"color: #993366;\">Inscription<\/span> <\/strong>au secr\u00e9tariat du Comit\u00e9 :<\/span> secretariat@archers91.fr<br><span style=\"color: #000000;\">(sans les crochets)<\/span><br><span style=\"color: #000000;\">Les stages sont maintenus pour un minimum de 4 participants. N&rsquo;h\u00e9sitez pas \u00e0 vous inscrire sur liste d&rsquo;attente ; licence FFTA obligatoire.<br><\/span><\/span><\/p>\n\n\n\n<h2 class=\"wp-block-heading has-text-color has-medium-font-size\" style=\"color:#0318bb;text-transform:uppercase\">Cours du jeudi<\/h2>\n\n\n\n<p>Le <b>jeudi <\/b>de 14 h \u00e0 16 h, <br><strong>tarif<\/strong> : 20 \u20ac par personne et par s\u00e9ance &#8211;<br>possibilit\u00e9 de r\u00e9server une place par club.<br>&#8211;<strong>sur rendez-vous<\/strong><br>&#8211;<strong>avoir son mat\u00e9riel perso<\/strong><br>-encadrement technique personnalis\u00e9<\/p>\n\n\n\n<p>Dates 2025-2026 :<br> nov : &#8211; dec : <br>janv : &#8211; fev : &#8211; mars :<br>avril : &#8211; mai : &#8211; juin : &#8211; juillet :<\/p>\n\n\n\n<h2 class=\"wp-block-heading has-medium-font-size\" style=\"text-transform:uppercase\"><span style=\"background-color:rgba(0, 0, 0, 0);color:#1827f6\" class=\"has-inline-color\">S<strong>\u00e9jour Jeunes<\/strong><\/span><\/h2>\n\n\n\n<p><strong>&nbsp;<\/strong>en pension compl\u00e8te&nbsp;\u00e0 Chamarande <a href=\"https:\/\/archers91.fr\/wp-content\/uploads\/2025\/11\/Chamarandes_avril26-709x1024.png\">Affiche<\/a><br>du <strong>20 au 24 avril <\/strong>2026&nbsp;( 12 places)<\/p>\n\n\n\n<h2 class=\"wp-block-heading\"><span style=\"text-decoration: underline;\"><span style=\"font-size: 14pt;\"><span style=\"color: #0000ff; text-decoration: underline;\">Cours collectif 2024\/2025 (Maximum 8 personnes) <\/span>:<\/span><\/span><\/h2>\n\n\n\n<p>Destin\u00e9s aux archers S1 \u00e0 S3, des entra\u00eenements, afin de vous perfectionner, progresser et monter en performance en comp\u00e9tition. Elles ont lieu le samedi, et durent 3h<br>&#8211; Samedi apr\u00e8s-midi (14h \u00e0 17h) : 9 s\u00e9ances sont r\u00e9parties sur la saison (de septembre \u00e0 juin) . Tarif : 100\u20ac &#8211; <br>Lieu hivernal : dans nos locaux \u00e0 Corbeil<br><strong>Groupe Essonne Jeunes<\/strong> (max 8 pers) : samedi apr\u00e8s-midi de 14h \u00e0 17h<\/p>\n\n\n\n<p><br>(voir rubrique \u00ab\u00a0Jeunes \/ s\u00e9jour jeunes\u00a0\u00bb)<\/p>\n\n\n\n<h2 class=\"wp-block-heading has-medium-font-size\" style=\"text-transform:uppercase\">STAGE 2024 <span style=\"font-size: medium;\"><strong><span style=\"text-decoration: underline;\"><span style=\"background-color:rgba(0, 0, 0, 0);color:#3228ec\" class=\"has-inline-color\">Approche des longues distances (40 \u00e0 70 m) :<\/span><\/span><\/strong><\/span><\/h2>\n\n\n\n<p><span style=\"color: #000000;\">&nbsp;<\/span><\/p>\n\n\n\n<div data-wp-interactive=\"core\/file\" class=\"wp-block-file\"><object data-wp-bind--hidden=\"!state.hasPdfPreview\" hidden class=\"wp-block-file__embed\" data=\"https:\/\/archers91.fr\/wp-content\/uploads\/2024\/03\/Stage-longue-distances.pdf\" type=\"application\/pdf\" style=\"width:100%;height:200px\" aria-label=\"Contenu embarqu\u00e9 Stage longue distances.\"><\/object><a id=\"wp-block-file--media-03e2363a-18bb-411b-bcd7-b912c1b97404\" href=\"https:\/\/archers91.fr\/?attachment_id=22038\" target=\"_blank\" rel=\"noreferrer noopener\">Stage longue distances<\/a><a href=\"https:\/\/archers91.fr\/wp-content\/uploads\/2024\/03\/Stage-longue-distances.pdf\" class=\"wp-block-file__button wp-element-button\" download aria-describedby=\"wp-block-file--media-03e2363a-18bb-411b-bcd7-b912c1b97404\">T\u00e9l\u00e9charger<\/a><\/div>\n","protected":false},"excerpt":{"rendered":"<p>Inscription au secr\u00e9tariat du Comit\u00e9 : secretariat@archers91.fr(sans les crochets)Les stages sont maintenus pour un minimum de 4 participants. N&rsquo;h\u00e9sitez pas \u00e0 vous inscrire sur liste d&rsquo;attente ; licence FFTA obligatoire. Cours du jeudi Le jeudi de 14 h \u00e0 16 h, tarif : 20 \u20ac par personne et par s\u00e9ance &#8211;possibilit\u00e9 de r\u00e9server une place [&hellip;]<\/p>\n","protected":false},"author":1,"featured_media":0,"parent":354,"menu_order":1,"comment_status":"closed","ping_status":"closed","template":"","meta":{"footnotes":""},"class_list":["post-352","page","type-page","status-publish","hentry"],"_links":{"self":[{"href":"https:\/\/archers91.fr\/index.php?rest_route=\/wp\/v2\/pages\/352","targetHints":{"allow":["GET"]}}],"collection":[{"href":"https:\/\/archers91.fr\/index.php?rest_route=\/wp\/v2\/pages"}],"about":[{"href":"https:\/\/archers91.fr\/index.php?rest_route=\/wp\/v2\/types\/page"}],"author":[{"embeddable":true,"href":"https:\/\/archers91.fr\/index.php?rest_route=\/wp\/v2\/users\/1"}],"replies":[{"embeddable":true,"href":"https:\/\/archers91.fr\/index.php?rest_route=%2Fwp%2Fv2%2Fcomments&post=352"}],"version-history":[{"count":43,"href":"https:\/\/archers91.fr\/index.php?rest_route=\/wp\/v2\/pages\/352\/revisions"}],"predecessor-version":[{"id":24382,"href":"https:\/\/archers91.fr\/index.php?rest_route=\/wp\/v2\/pages\/352\/revisions\/24382"}],"up":[{"embeddable":true,"href":"https:\/\/archers91.fr\/index.php?rest_route=\/wp\/v2\/pages\/354"}],"wp:attachment":[{"href":"https:\/\/archers91.fr\/index.php?rest_route=%2Fwp%2Fv2%2Fmedia&parent=352"}],"curies":[{"name":"wp","href":"https:\/\/api.w.org\/{rel}","templated":true}]}}

<p><span style="color: #ff0000;"><span style="color: #000000;"><strong><span style="color: #993366;">Inscription</span> </strong>au secrétariat du Comité :</span> secretariat@archers91.fr<br><span style="color: #000000;">(sans les crochets)</span><br><span style="color: #000000;">Les stages sont maintenus pour un minimum de 4 participants. N&rsquo;hésitez pas à vous inscrire sur liste d&rsquo;attente ; licence FFTA obligatoire.<br></span></span></p>



<h2 class="wp-block-heading has-text-color has-medium-font-size" style="color:#0318bb;text-transform:uppercase">Cours du jeudi</h2>



<p>Le <b>jeudi </b>de 14 h à 16 h, <br><strong>tarif</strong> : 20 € par personne et par séance &#8211;<br>possibilité de réserver une place par club.<br>&#8211;<strong>sur rendez-vous</strong><br>&#8211;<strong>avoir son matériel perso</strong><br>-encadrement technique personnalisé</p>



<p>Dates 2025-2026 :<br> nov : &#8211; dec : <br>janv : &#8211; fev : &#8211; mars :<br>avril : &#8211; mai : &#8211; juin : &#8211; juillet :</p>



<h2 class="wp-block-heading has-medium-font-size" style="text-transform:uppercase"><span style="background-color:rgba(0, 0, 0, 0);color:#1827f6" class="has-inline-color">S<strong>éjour Jeunes</strong></span></h2>



<p><strong>&nbsp;</strong>en pension complète&nbsp;à Chamarande <a href="https://archers91.fr/wp-content/uploads/2025/11/Chamarandes_avril26-709x1024.png">Affiche</a><br>du <strong>20 au 24 avril </strong>2026&nbsp;( 12 places)</p>



<h2 class="wp-block-heading"><span style="text-decoration: underline;"><span style="font-size: 14pt;"><span style="color: #0000ff; text-decoration: underline;">Cours collectif 2024/2025 (Maximum 8 personnes) </span>:</span></span></h2>



<p>Destinés aux archers S1 à S3, des entraînements, afin de vous perfectionner, progresser et monter en performance en compétition. Elles ont lieu le samedi, et durent 3h<br>&#8211; Samedi après-midi (14h à 17h) : 9 séances sont réparties sur la saison (de septembre à juin) . Tarif : 100€ &#8211; <br>Lieu hivernal : dans nos locaux à Corbeil<br><strong>Groupe Essonne Jeunes</strong> (max 8 pers) : samedi après-midi de 14h à 17h</p>



<p><br>(voir rubrique « Jeunes / séjour jeunes »)</p>



<h2 class="wp-block-heading has-medium-font-size" style="text-transform:uppercase">STAGE 2024 <span style="font-size: medium;"><strong><span style="text-decoration: underline;"><span style="background-color:rgba(0, 0, 0, 0);color:#3228ec" class="has-inline-color">Approche des longues distances (40 à 70 m) :</span></span></strong></span></h2>



<p><span style="color: #000000;">&nbsp;</span></p>



<div data-wp-interactive="core/file" class="wp-block-file"><object data-wp-bind--hidden="!state.hasPdfPreview" hidden class="wp-block-file__embed" data="https://archers91.fr/wp-content/uploads/2024/03/Stage-longue-distances.pdf" type="application/pdf" style="width:100%;height:200px" aria-label="Contenu embarqué Stage longue distances."></object><a id="wp-block-file--media-03e2363a-18bb-411b-bcd7-b912c1b97404" href="https://archers91.fr/?attachment_id=22038" target="_blank" rel="noreferrer noopener">Stage longue distances</a><a href="https://archers91.fr/wp-content/uploads/2024/03/Stage-longue-distances.pdf" class="wp-block-file__button wp-element-button" download aria-describedby="wp-block-file--media-03e2363a-18bb-411b-bcd7-b912c1b97404">Télécharger</a></div>

<p>Inscription au secrétariat du Comité : secretariat@archers91.fr(sans les crochets)Les stages sont maintenus pour un minimum de 4 participants. N&rsquo;hésitez pas à vous inscrire sur liste d&rsquo;attente ; licence FFTA obligatoire. Cours du jeudi Le jeudi de 14 h à 16 h, tarif : 20 € par personne et par séance &#8211;possibilité de réserver une place [&hellip;]</p>
