{"id":356,"date":"2009-09-01T19:06:27","date_gmt":"2009-09-01T17:06:27","guid":{"rendered":"http:\/\/www.archers91.fr\/wordpress\/archers\/?page_id=356"},"modified":"2026-01-29T10:42:12","modified_gmt":"2026-01-29T09:42:12","slug":"stage-de-vacances","status":"publish","type":"page","link":"https:\/\/archers91.fr\/?page_id=356","title":{"rendered":"Stages de vacances"},"content":{"rendered":"<p><strong><span style=\"color: #000000;\">\u00a0Inscription au secr\u00e9tariat\u00a0<\/span><\/strong><\/p>\n<p><span style=\"color: #000000;\"><strong>Stage de perfectionnement\u00a0<\/strong> <\/span><span style=\"color: #000000;\">:<\/span><span style=\"color: #000000;\"><br \/>\nDates : 30 et 31 oct 2025 de 9h \u00e0 16h30<br \/>\ndans les locaux du Comit\u00e9 \u00e0 Corbeil<\/span><\/p>\n<p><span style=\"color: #333333;\">Tarif\u00a0:\u00a0<\/span>1 jour = 30 \u20ac, \u00a02 jours = 50 \u20ac,<br \/>\n<span style=\"color: #333333;\">\u00a0(repas \u00e0 apporter)<br \/>\n<\/span>Contenu : perfectionnement technique personnalis\u00e9 &#8211; renforcement physique<\/p>\n<p><span style=\"color: #000000;\"><strong>S\u00e9jour Jeunes<\/strong> en pension compl\u00e8te \u00e0 Chamarande,\u00a0pour les poussins \u00e0 cadets, tous niveaux,\u00a0arcs classiques, barebow\u00a0ou \u00e0 poulies,<br \/>\nPlus de renseignements sur la page d\u00e9di\u00e9e :<a href=\"http:\/\/82.64.238.233\/wordpress\/jeunes-competiteurs\/sejour-jeune\/\" target=\"_blank\" rel=\"noopener noreferrer\"> S\u00e9jour jeune de Chamarande<br \/>\n<\/a><\/span><span style=\"color: #000000;\">\u00a0du 20 au 24 avril 2026 &#8211; 12 places<br \/>\n<\/span><span style=\"color: #000000;\">prix : \u00a0450 \u00a0\u20ac\u00a0 \u00a0\u00a0<\/span><\/p>\n<p><span style=\"color: #000000;\">Inscription au secr\u00e9tariat<br \/>\nDocuments \u00e0 t\u00e9l\u00e9charger sur le site dans l&rsquo;onglet \u00ab\u00a0jeunes \u00a0\u00bb puis \u00ab\u00a0s\u00e9jour jeunes\u00a0\u00bb<br \/>\n<\/span><\/p>\n","protected":false},"excerpt":{"rendered":"<p>\u00a0Inscription au secr\u00e9tariat\u00a0 Stage de perfectionnement\u00a0 : Dates : 30 et 31 oct 2025 de 9h \u00e0 16h30 dans les locaux du Comit\u00e9 \u00e0 Corbeil Tarif\u00a0:\u00a01 jour = 30 \u20ac, \u00a02 jours = 50 \u20ac, \u00a0(repas \u00e0 apporter) Contenu : perfectionnement technique personnalis\u00e9 &#8211; renforcement physique S\u00e9jour Jeunes en pension compl\u00e8te \u00e0 Chamarande,\u00a0pour les poussins [&hellip;]<\/p>\n","protected":false},"author":1,"featured_media":0,"parent":354,"menu_order":3,"comment_status":"closed","ping_status":"closed","template":"","meta":{"footnotes":""},"class_list":["post-356","page","type-page","status-publish","hentry"],"_links":{"self":[{"href":"https:\/\/archers91.fr\/index.php?rest_route=\/wp\/v2\/pages\/356","targetHints":{"allow":["GET"]}}],"collection":[{"href":"https:\/\/archers91.fr\/index.php?rest_route=\/wp\/v2\/pages"}],"about":[{"href":"https:\/\/archers91.fr\/index.php?rest_route=\/wp\/v2\/types\/page"}],"author":[{"embeddable":true,"href":"https:\/\/archers91.fr\/index.php?rest_route=\/wp\/v2\/users\/1"}],"replies":[{"embeddable":true,"href":"https:\/\/archers91.fr\/index.php?rest_route=%2Fwp%2Fv2%2Fcomments&post=356"}],"version-history":[{"count":5,"href":"https:\/\/archers91.fr\/index.php?rest_route=\/wp\/v2\/pages\/356\/revisions"}],"predecessor-version":[{"id":24371,"href":"https:\/\/archers91.fr\/index.php?rest_route=\/wp\/v2\/pages\/356\/revisions\/24371"}],"up":[{"embeddable":true,"href":"https:\/\/archers91.fr\/index.php?rest_route=\/wp\/v2\/pages\/354"}],"wp:attachment":[{"href":"https:\/\/archers91.fr\/index.php?rest_route=%2Fwp%2Fv2%2Fmedia&parent=356"}],"curies":[{"name":"wp","href":"https:\/\/api.w.org\/{rel}","templated":true}]}}

<p><strong><span style="color: #000000;"> Inscription au secrétariat </span></strong></p>
<p><span style="color: #000000;"><strong>Stage de perfectionnement </strong> </span><span style="color: #000000;">:</span><span style="color: #000000;"><br />
Dates : 30 et 31 oct 2025 de 9h à 16h30<br />
dans les locaux du Comité à Corbeil</span></p>
<p><span style="color: #333333;">Tarif : </span>1 jour = 30 €,  2 jours = 50 €,<br />
<span style="color: #333333;"> (repas à apporter)<br />
</span>Contenu : perfectionnement technique personnalisé &#8211; renforcement physique</p>
<p><span style="color: #000000;"><strong>Séjour Jeunes</strong> en pension complète à Chamarande, pour les poussins à cadets, tous niveaux, arcs classiques, barebow ou à poulies,<br />
Plus de renseignements sur la page dédiée :<a href="http://82.64.238.233/wordpress/jeunes-competiteurs/sejour-jeune/" target="_blank" rel="noopener noreferrer"> Séjour jeune de Chamarande<br />
</a></span><span style="color: #000000;"> du 20 au 24 avril 2026 &#8211; 12 places<br />
</span><span style="color: #000000;">prix :  450  €    </span></p>
<p><span style="color: #000000;">Inscription au secrétariat<br />
Documents à télécharger sur le site dans l&rsquo;onglet « jeunes  » puis « séjour jeunes »<br />
</span></p>

<p> Inscription au secrétariat  Stage de perfectionnement  : Dates : 30 et 31 oct 2025 de 9h à 16h30 dans les locaux du Comité à Corbeil Tarif : 1 jour = 30 €,  2 jours = 50 €,  (repas à apporter) Contenu : perfectionnement technique personnalisé &#8211; renforcement physique Séjour Jeunes en pension complète à Chamarande, pour les poussins [&hellip;]</p>
